 the highest common factor of 3 and z?
3
Let i be (-128)/(-22) - (-18)/99. Let z be ((-32)/i)/(4/(-6)). Calculate the highest common factor of z and 1.
1
Let j be (2 + 0 - 1)*-1. Let p(k) = 63*k**2 + k + 1. Let m be p(j). Calculate the greatest common divisor of m and 21.
21
Let j be (-106)/(-6) + 1/3. What is the highest common factor of j and 2?
2
Let s(m) = 0*m - 1 + m - 3*m. Suppose 0 = -2*p - 2*u - 10 - 2, -15 = -5*p + 4*u. Let l be s(p). What is the greatest common divisor of 11 and l?
1
Suppose -2*p = 2*f - 12, 0 = -5*p - 10 - 0. What is the highest common divisor of f and 40?
8
Let j(h) = 3*h**2 + h + 2. Let r be j(-3). Suppose -2*a = -a - r. What is the highest common factor of a and 13?
13
Let s be 8/(-28) + 2106/21. Calculate the highest common divisor of 25 and s.
25
Let o be (2 - (-9 + 5))*25/2. What is the greatest common divisor of 15 and o?
15
Let g = -67 + 123. Calculate the greatest common divisor of g and 14.
14
Let c be (2*4/10)/(6/45). Calculate the highest common factor of 24 and c.
6
Suppose 16*i - 20*i = -160. Suppose 3*w = -2*w + i. What is the greatest common divisor of 16 and w?
8
Let l be 6/(-15) - 42/(-5). Let x(d) = d + 1. Let j be x(-2). Let t be -2*j*(-1)/(-2). Calculate the highest common factor of t and l.
1
Let a = 1 - -8. Suppose 0*u = -3*u + a. What is the highest common divisor of 6 and u?
3
Let m be (-5)/(-5) - 0 - -1*95. Calculate the highest common factor of m and 24.
24
Let u be 1026/8 - 1/4. Suppose 3*a - 3 = 2*a - 2*k, -2*k = -a - 9. Let g(w) = -6*w - 2. Let o be g(a). What is the greatest common factor of u and o?
16
Suppose j + 27 = 2*n - 0*n, -5*j + 15 = 0. Calculate the greatest common factor of 105 and n.
15
Suppose 2*s + 143 = -j, -s - 44 = -4*j + 32. Suppose -w - 4*a + 89 + 56 = 0, 3*a = -6. Let y = w + s. What is the highest common divisor of y and 9?
9
Suppose -3*d = 2*d - 40. Let z(h) = -h**2 + 10*h - 4. Let s be z(d). Let q(j) = 4*j**2 + 2*j. Let o be q(-6). Calculate the highest common factor of s and o.
12
Suppose -3*h + 4*z = 2*h - 29, 0 = 3*h + 3*z - 39. Let b = 15 + h. What is the highest common factor of 120 and b?
24
Suppose -x + c + 91 = 4*x, 76 = 4*x - 4*c. What is the highest common divisor of 90 and x?
18
Let t = 34 + -22. Suppose -13*k = -15*k + t. Calculate the highest common factor of 42 and k.
6
Let k = -13 + 17. Suppose 5*a - 33 - 45 = -2*v, 5*v - 230 = 5*a. Calculate the greatest common factor of v and k.
4
Suppose -6*s - 4*n = -3*s - 190, -3*s = 2*n - 182. Suppose -5*y + 0*y = 5*i - 50, s = 5*y + i. Calculate the greatest common factor of 24 and y.
12
Suppose 8*o + 55 = 655. What is the greatest common divisor of 50 and o?
25
Let b be (-21)/(-84) - (-78)/8. Calculate the greatest common divisor of b and 210.
10
Suppose 0 = -5*r + r + 8. Let w be 11/(2/4*r). What is the highest common factor of 44 and w?
11
Let j = -15 + 28. Suppose -3*z = 2*z - 130. Suppose t - z = 117. Calculate the highest common factor of t and j.
13
Let t = -51 + 99. What is the highest common factor of t and 6?
6
Let c(q) = 27*q**2 - q. Suppose 0 = 3*t + 6 - 3. Let n be c(t). Calculate the highest common factor of 42 and n.
14
Let u be -1 - (5 - 1 - 113). What is the greatest common factor of 36 and u?
36
Let b(p) = p**3 + 8*p**2 - 2*p - 2. Let d be b(-8). Let r = 6 - 3. Suppose z + 4 = 2, 380 = r*s - z. Calculate the highest common factor of s and d.
14
Let m be 13 - (1 - 4)*1. What is the greatest common divisor of 64 and m?
16
Suppose -59 = -3*o + s, 7*o - s - 95 = 2*o. Suppose 0 = 4*v - 5*h - 164, 5*v = 2*h - 0*h + 188. What is the highest common factor of o and v?
18
Suppose 0 = -2*z - 0*z + 14. Let t = z - 3. What is the greatest common factor of t and 32?
4
Let f(u) = 8*u - 3. Let y be f(1). Calculate the greatest common factor of 25 and y.
5
Let c be (9 + 1)*12/10. Let z be 506/6 - (-2)/(-6). Calculate the highest common divisor of c and z.
12
Suppose p - 3*t - 6 = 0, 0*t = 3*p + 4*t - 44. What is the greatest common divisor of 4 and p?
4
Let v(n) = n**2 - 4*n - 3. Let c be v(-3). Calculate the highest common factor of c and 162.
18
Let h(i) = -i**3 + 8*i**2 - 5*i - 20. Let g be h(6). Let z = 131 - -67. What is the greatest common factor of z and g?
22
Let g = -11 + 18. Suppose 5*n = 96 + 254. Calculate the greatest common divisor of n and g.
7
Let s be 6/9*(-45)/(-1). What is the greatest common factor of 45 and s?
15
Suppose -n - 24 = -3*n. Suppose -5*f = -2*y + 16, -2*f - f = -3*y + 42. Calculate the highest common factor of y and n.
6
Suppose -31 - 34 = -5*f. What is the greatest common factor of 26 and f?
13
Let s = 2 - -22. Let z be 0 - (2 + -12) - 2. What is the highest common factor of s and z?
8
Let j = 16 - 10. Let y(q) = q**2 - 5*q + 6. Let s be y(j). What is the greatest common factor of s and 30?
6
Let w(t) = -7*t + 13. Let i be w(-6). Calculate the greatest common divisor of 11 and i.
11
Let a(p) = -p**2 - 6*p - 3. Let h be a(-8). Let z = h - -22. What is the greatest common factor of 3 and z?
3
Let t be (12/(-10))/((-4)/480). Let y be 2/(-4) + (-33)/(-2). Calculate the greatest common factor of y and t.
16
Suppose 56*u = 47*u + 108. Calculate the highest common divisor of 4 and u.
4
Suppose -3*j = 12, 2*x - j - j - 6 = 0. Let u be 5/1 - (-2)/x. Suppose u*y - 720 = -2*y. Calculate the greatest common factor of 18 and y.
18
Suppose 0*l - 10*l = -1350. What is the highest common divisor of l and 45?
45
Let i = 27 + -21. What is the greatest common divisor of i and 12?
6
Suppose -7 = -2*z + 59. What is the highest common factor of 3 and z?
3
Let s be ((-24)/3)/((-4)/20). Suppose -5*r + 8 = -d, r - 12 = -2*d - 3*d. Suppose -o = -d*o + s. Calculate the greatest common factor of 16 and o.
8
Let l be (-20 - 4)*(-1 - 0). Let n(r) = r + 3. Let t be n(-4). Let v be (-1 - 2)/t*1. What is the greatest common factor of l and v?
3
Suppose 3*s - 13 = 4*w - 56, 31 = 3*w - 2*s. What is the highest common factor of w and 49?
7
Suppose 3*x - 10 = z + 67, -x - 4*z + 43 = 0. Calculate the greatest common factor of 216 and x.
27
Let k be (-1)/(-5)*(3 - -2). What is the greatest common divisor of 8 and k?
1
Let k(p) = -p**3 + 9*p**2 - 7*p - 6. Let h be k(8). Suppose -m = h*m - 42. What is the highest common factor of 70 and m?
14
Let h(i) = -11*i**3 + i**2 - 3*i - 3. Let u be h(-1). Calculate the greatest common factor of 132 and u.
12
Let z = 5 + 0. Let a = z + -2. What is the greatest common divisor of a and 33?
3
Let v = 680 + -304. Calculate the greatest common factor of v and 47.
47
Let r(i) = -i**3 - 11*i**2 - 12*i - 11. Let j be (-10)/(-2*3/(-6)). Let k be r(j). Calculate the greatest common divisor of k and 36.
9
Let b = 80 + -52. Let m = 41 - b. Let k be (-2)/(3/(-78)*4). What is the greatest common divisor of k and m?
13
Suppose 0 = m + 3 - 1. Let j be m - (-1 + -8) - 2. Suppose -x - 4*u = -73, 0 = -x + j*u - 3*u + 85. Calculate the greatest common factor of x and 9.
9
Suppose v = 3*v - 42. What is the highest common factor of v and 231?
21
Suppose -h - 1 = -6. Suppose 0 = 2*v + 4*z - 168, -5*v + 4*v = h*z - 90. What is the highest common divisor of v and 10?
10
Suppose 0 = 2*n + 4*b - 60, -4*b - 21 = -n - 3*b. What is the greatest common factor of 264 and n?
24
Let j = -3 + 3. Suppose -5*x + 0*x + 15 = 0. Suppose j*c - x*c + 210 = 0. What is the highest common factor of c and 28?
14
Suppose 5*w + 5*q = 75, -4*w + 5*w = 5*q + 45. Suppose t = 6*t - w. Calculate the highest common factor of 32 and t.
4
Let c = -6 - -8. Suppose 5 = c*i + 3, 2*i - 22 = -5*f. Let d(z) = z**2 + 6*z + 8. Let n be d(-6). Calculate the greatest common divisor of f and n.
4
Let h = 1 + 5. Suppose 0 = -l + 4*l - 144. Calculate the highest common divisor of l and h.
6
Let h = 283 + -173. Calculate the greatest common factor of 22 and h.
22
Suppose j - 11 = -i, 0 = -2*i - 2. What is the greatest common factor of j and 4?
4
Suppose 4*v - 26 = -2*c, v = 3*c - 2*c - 7. What is the greatest common divisor of 99 and c?
9
Let x(p) = 5*p - 2. Let l(j) = -j**2 - 7*j + 10. Let h be l(-8). Let a be x(h). What is the highest common factor of a and 24?
8
Suppose -4*b + 128 = -0*b - 4*d, -124 = -3*b - 4*d. What is the highest common factor of b and 54?
18
Let g = -73 - -114. Calculate the highest common factor of g and 41.
41
Le